-14 + 19 - -5)?
12
What is the value of (33 + -22 - 20) + (4 + -15 - -2)?
-18
What is 9 - 4 - (8 + (-11 - 8) - -7)?
9
0 - (-27 + 40) - (0 - 9)
-4
(4 - -23) + 20 + -35
12
What is (13 + -14 - 8) + 5 + -2?
-6
What is the value of -6 + -3 + (0 - (6 - (-1 + 11)))?
-5
Evaluate 8 - (6 + -9 + 8 + 7) - 8.
-12
What is the value of (2 - -3) + (90 - 92)?
3
What is (2 + (14 - 29) - -6) + -11?
-18
Calculate 3 + -2 - 12 - (14 - 6).
-19
Evaluate -23 + 23 - ((31 - 2) + -6).
-23
Calculate -2 + (-19 - -30) - 13.
-4
Evaluate 7 - (-11 - (-23 - 5)).
-10
What is -13 + 8 - 0 - (-5 + -9)?
9
Evaluate -354 + 357 + (0 - 0) + 2.
5
-8 + (6 - -9) - 3 - 7
-3
What is (224 - 216) + (0 - 12)?
-4
Calculate (-4 - (5 + -9)) + 12.
12
0 + (20 - 14) + (-1 - 2)
3
What is the value of -9 + (18 - 6) + -17?
-14
Evaluate -1 + 0 + -5 + (1 - -4) + 10.
9
Evaluate -22 + -17 - -22 - 1.
-18
What is the value of 4 + 0 + (-9 + 10 + -8 - 2)?
-5
7 + (-8 - (28 - 16)) + (-2 - 2)
-17
What is 6 + 0 + (-12 + 4 + -4 - -9)?
3
What is the value of -176 - -158 - (-13 + -1)?
-4
What is (1 - 8) + (4 - (6 + -6 - -6))?
-9
Evaluate -31 + 4 - (47 + -53) - (-2 - 6).
-13
What is (-8 - -3 - (-3 + -3 - -2)) + 12?
11
What is (307 - 329) + (0 - 1)?
-23
What is the value of 40 + (-90 - (-56 - -12))?
-6
What is 4 + -3 - (4 + -9 + 25)?
-19
Calculate 93 + -90 + (1 - (1 + -2)) + -7.
-2
Calculate 3 + -56 + 23 - (2 - (-1 - 2)).
-35
What is 0 + 1 + -2 - (-9 - -11 - -2)?
-5
What is 35 - (-17 + 28 + 12)?
12
3 + -6 + 3 + -5 + 9 - -16
20
Evaluate (20 - (-10 + 11)) + (-1 - 9).
9
What is 1 - -1 - (-1 + -13 + 7 - 12)?
21
Evaluate -18 + -7 + 16 + 18.
9
Evaluate (-1 - (2 + (-2 - -6))) + 15.
8
What is the value of 39 - (-19 - -54) - 12?
-8
What is (-10 - 4) + 3 + 4 + 7 - 5?
-5
Evaluate -1 - -27 - (-418 - -423).
21
What is the value of 12 + 4 + (-44 - -23)?
-5
Calculate -13 - (-29 - (-12 + 16) - -10).
10
What is the value of 1 + 4 - (-7 + 10 + 6) - -4?
0
What is the value of (2 - 7 - 2) + -1 + 3?
-5
-1 - ((9 - 18) + 3 - -15)
-10
Evaluate 0 - ((10 - 0) + (-1 - 8)).
-1
What is 1 - (4 + 0 - (76 - 63))?
10
What is the value of 4 + (14 - (-24 - -20))?
22
Calculate 1 - 5 - (-8 + 24 - 10).
-10
What is the value of (-4 - (-1 - -2)) + 6 + 2?
3
What is -15 + 7 + -4 + 1 + 0?
-11
What is (24 - 2) + (-28 + 12 + 8 - -2)?
16
1 - -1 - (-20 - (-20 + 8))
10
Calculate 20 + (-26 - -16) - -1.
11
(4 - 16) + 40 + 5 + -13 + 10
30
-1 - (-10 + -5) - (-2 - -2)
14
(-2 - -30) + (356 - 354)
30
0 + (8 - (15 + -2)) + -2 + 4
-3
What is the value of 3 - (2 - (-12 - -8))?
-3
Calculate -160 + 155 + -2 + (7 - 4).
-4
-1 + -24 + -1 + 12 + (-2 - 17)
-33
Evaluate 17 - (21 + (21 - 16) - -17).
-26
What is (2 + -3 - -7) + 3 + -19?
-10
What is the value of -4 - (-8 + 12 + -49 - -13)?
28
Evaluate (-126 - -131) + (0 - (-5 - -3 - -1)).
6
Evaluate 1 - (4 + (1 - 4) + -4).
4
Evaluate (-5 - 11) + (-2 - ((-5 - -6) + -7)).
-12
Evaluate 1 - (2 + 2 - 7) - (96 - 76).
-16
Calculate 5 - (4 + (0 - 4)) - (43 - 45).
7
Evaluate -17 + (-13 + 18 + 2 - 9).
-19
14 + -9 + -10 + -5
-10
Calculate 10 - (12 + -14 + 8).
4
Calculate -28 + -4 + (12 - 35 - -18).
-37
What is the value of -5 + 14 + -6 + 1 - (-1 - -6)?
-1
Calculate -63 + 28 - (-10 - (0 + 0)).
-25
Evaluate -7 - (-16 + (-12 - -19) + 21).
-19
What is the value of -18 - ((-30 - 16) + 2)?
26
Evaluate (-22 - -31) + (6 - (-4 + 3)) + -3.
13
What is 9 - (6 + (4 - (19 + (-6 - 1))))?
11
Evaluate 0 - (6 + (-5 - (3 + -1 + -4))).
-3
7 - (-15 - (-2 + -3 - 0))
17
Evaluate (-1 - 1) + 7 + (52 - 61) - 1.
-5
-7 - (6 + (4 + -30 - (-14 - -10)))
9
What is 5 + -1 + (-16 - -24) + (-5 - 1)?
6
Calculate (-13 - (4 + -3)) + 4.
-10
Calculate -15 - (-4 - -5 - 9) - (1 - -3).
-11
Calculate -13 + -6 + 9 - 9 - -4 - 7.
-22
What is (-28 - (5 + (-5 - -9) + -17)) + -4?
-24
What is the value of (-7 - -3) + 2 + -5 + 3 + 3?
-1
What is the value of 32 - (10 + -1 + 14)?
9
Evaluate 56 + 1 - (1817 + -1780).
20
What is the value of -54 - -39 - (-2 - -1)?
-14
What is the value of 1681 + -1686 + (0 - (-1 + 2) - -11)?
5
Evaluate 4 - (2 - 3) - (10 - -4).
-9
What is the value of -4 + -11 - (-2 - 3)?
-10
What is 12 + (-3 - (28 - 11))?
-8
Evaluate 15 - (47 + 0 - (-8 - -13)).
-27
-16 - (93 + -99 - ((-3 - -3) + 0))
-10
What is the value of 1 + -12 - (-7 + 9)?
-13
What is the value of (0 + -1 - -3 - (-91 + 84)) + -22?
-13
What is the value of 1 - -2 - (-249 + 249)?
3
-20 + 36 + -19 - -11
8
-1 - (314 + -316 + 0 + 15)
-14
(114 - 107) + (11 - 22) + (-2 - -1)
-5
Evaluate (-3 + -8 - (15 + -20)) + 22 + 2.
18
What is 28 - (3 - 16 - -59)?
-18
Evaluate -1442 + 1430 + (-1 + -4 - -1).
-16
-14 + 1 - (200 - 202) - -43
32
Calculate -1058 - -1056 - ((0 - -2) + -1 - 15).
12
Calculate -7 + (157 - 157) + 1 + -7.
-13
What is 16 - ((8 - -5) + 8)?
-5
Calculate -11 - (-13 - (1 + -3)).
0
What is (-22 + 7 + 5 - (3 - 39)) + -6?
20
What is (-26 - -9) + 40 + -45?
-22
-28 + 12 + -11 + (-13 - -19)
-21
What is (-9 - ((8 + -4 - -1) + -9)) + 7?
2
Calculate 1 + 10 - (65 - 45).
-9
Evaluate 8 + (4 - 13 - -8).
7
Calculate (9 + -7 - 13) + 8 + -11.
-14
Evaluate -8 - -2 - (-78 + 69).
3
What is the value of 1 + 5 - (21 + (-4 - 8)) - 29?
-32
Evaluate 1 - -26 - (15 - 7 - -13 - 15).
21
What is the value of (7 - 1) + 12 + (-6 - 3 - -9)?
18
27 - 71 - (-7 - -1 - (3 - 2))
-37
What is the value of 30 + -13 + -3 + -4?
10
Evaluate 16 - ((-12 - -5) + 28).
-5
(-16 - (-15 + 9)) + 18
8
6 + -12 + -5 + (4 - 6)
-13
23 - (20 + -5) - 4
4
What is -5 - (4 + (-9 - 12))?
12
What is (-6 - (46 - 61)) + 24?
33
What is the value of 3 + -44 + (413 - 384)?
-12
What is -2 + -5 - (116 + -136) - 2?
11
7 + 37 + (-28 - -7)
23
What is -1 - 0 - (494 + -516)?
21
What is the value of (-3 - 21) + (-9 - -5) + 16 - -52?
40
What is 41 + -10 + 17 + -19?
29
Calculate -5 + -13 - (-25 - 6).
13
Evaluate -2 + 1 - (-7 + -16 + 32).
-10
Evaluate -9 + (-6 + 13 - (0 + 5)).
-7
What is the value of -22 - (57 + -32 + -53)?
6
What is the value of 19 + -43 - (11 + -36)?
1
Calculate 136 - 118 - ((-2 - -4) + 3).
13
Calculate -12 + (-6 - (2 + 1 + -14)).
-7
Calculate (26 - 19) + (-7 - -3) + -28.
-25
Calculate 18 - (6 - (-3 - ((-9 - 0) + 3))).
15
Calculate 4 + 2 + -1 + -236 + 235.
4
7 + (-1 + 6 + (-40 - -28) - -14)
14
What is 6 - (-9 + 4 - (-28 + 20))?
3
Calculate -153 + 156 + 4 + 5.
12
What is the value of -3 - 16 - (6 - 2)?
-23
What is 3 - 7 - (1 - 8) - (11 + 2)?
-10
Calculate (4 - (19 + -9)) + 13.
7
What is the value of 14 + (-25 - -19) + (14 - (-2 - 4))?
28
Calculate 5 + -2 + 0 + (-5 - (2 + -1)).
-3
8 - (20 + (16 - 34))
6
-11 + 1 + 22 + 0
12
What is -18 - (-10 + -6 - -7)?
-9
What is the value of 30 - (24 - -7 - 15)?
14
What is the value of -7 + -33 + 24 - 3?
-19
Calculate 12 - 37 - -31 - (20 + -1 + 1).
-14
Calculate 13 + 20 + -12 + (-10 - -12).
23
What is the value of 11 - 1 - (-25 + 41 - 25)?
19
What is -7 - (5 - (-23 - -15) - 33)?
13
Evaluate (2 - 2) + 6 - (39 + -31).
-2
Evaluate 9 + 0 + (-13 - -27) + -17.
6
Evaluate -4 + (16 - -13 - 35 - (-5 + -1)).
-4
(-8 - -23) + 15 - 13
17
Evaluate -1 + (-4 - (-11 + 8)) - 5.
-7
Evaluate -18 - 1 - (25 + -21).
-23
(-25 - -34) + -8 + (3 - 2) + 7
9
What is the value of (12 - (-9 - -7)) + -13?
1
What is the value of -4 - (-2 + -3 + (-4 - -12))?
-7
(1 - 1 - 9) + 20 + -10 + -4
-3
-33 + 10 + -13 + (-2 - -11) - -7
-20
Calculate (-10 - 28) + -39 + 83.
6
17 + 2 + 4 + -41
-18
Evaluate -27 + 25 + (0 - -5) + 26 + -51.
-22
What is (-15 - -13) + 12 - 11?
-1
Evaluate (12 - 37) + (9 - -5).
-11
0 + 20 + 4 + 3 + -20
7
What is 2 - 1 - (14 + 0 + 12 + 14)?
-39
Evaluate -7 + (-3 - -3 - ((-5 - 8) + 1)).
5
2 - -4 - (-8 - (8 + -25))
-3
18 - -2 - (-9 + 44)
-15
5 - (6 + -5) - 6 - 1
-3
Evaluate -4 + 22 + -25 - (-7 - 2 - 2).
4
What is -35 + -4 + 8 + -29 + 40?
-20
What is (-12 - -31) + 6 + -33?
-8
What is 0 + (2 - (10 - (-8 - (-11 + 1))))?
-6
Evaluate 14 - 1 - (1 - -11).
1
Evaluate -11 - (-7 + 21 + (-18 - -13)).
-20
Evaluate 29 + -27 - (4 - 0) - -7.
5
-10 - (-17 + 2) - (-2 + -1 + -2)
10
Evaluate 13 + -5 + -15 - -4.
-3
What is 23 + -3 + (16 + -2 - 13)?
21
(8 - ((16 - 10) + 1)) + (-2 - 1)
-2
What is (-4 - -7 - (-3 - 2 - 6)) + -6?
8
5 - (-10 + 17 + -6 + 4)
0
Evaluate 44 - (-10 + 90) - -72.
36
What is 0 + (2 - (-2 - 1)) + -3?
2
What is -3 + -2 + 7 + 19 + -26?
-5
What is the value of -4 + 18 - (-3 - -5) - -2?
14
What is the value of -6 + -1 + (4 + 5 - 0)?
2
What is the value of (5 + -18 - (5 +